6.
73
Calculate the remainder when 1328032 is divided by 1658.
1632
Calculate the remainder when 470493 is divided by 54.
45
What is the remainder when 30532172 is divided by 6106432?
12
Calculate the remainder when 31664 is divided by 708.
512
What is the remainder when 7956495 is divided by 53?
29
What is the remainder when 3172 is divided by 1901?
1271
What is the remainder when 9227089 is divided by 2306767?
21
Calculate the remainder when 1260721 is divided by 695.
686
What is the remainder when 148027 is divided by 29596?
47
What is the remainder when 1270999 is divided by 17?
11
Calculate the remainder when 244732 is divided by 48879.
337
Calculate the remainder when 20111392 is divided by 20111386.
6
What is the remainder when 10783681 is divided by 4?
1
Calculate the remainder when 11977842 is divided by 926.
32
Calculate the remainder when 648220 is divided by 313.
310
Calculate the remainder when 117947 is divided by 16832.
123
Calculate the remainder when 1023474 is divided by 478.
76
What is the remainder when 110365 is divided by 110203?
162
Calculate the remainder when 181510 is divided by 1345.
1280
What is the remainder when 120880 is divided by 40283?
31
Calculate the remainder when 505039 is divided by 209.
95
What is the remainder when 68074 is divided by 11?
6
Calculate the remainder when 32411885 is divided by 123239.
28
What is the remainder when 38553122 is divided by 5?
2
What is the remainder when 62438 is divided by 306?
14
Calculate the remainder when 16279951 is divided by 314.
307
What is the remainder when 178176 is divided by 25450?
26
Calculate the remainder when 2090870 is divided by 127.
69
What is the remainder when 93132747 is divided by 298?
297
Calculate the remainder when 3639817 is divided by 110297.
16
What is the remainder when 5883647 is divided by 399?
392
Calculate the remainder when 123822782 is divided by 157736.
22
What is the remainder when 431755 is divided by 299?
298
What is the remainder when 40855993 is divided by 164?
149
What is the remainder when 203810227 is divided by 31?
14
What is the remainder when 41194618 is divided by 609?
31
Calculate the remainder when 7289062 is divided by 6.
4
Calculate the remainder when 399669 is divided by 491.
486
What is the remainder when 11383621 is divided by 378?
151
What is the remainder when 141877890 is divided by 267190?
0
Calculate the remainder when 2056613 is divided by 46.
45
What is the remainder when 1379381 is divided by 2941?
52
Calculate the remainder when 44756770 is divided by 320.
290
What is the remainder when 59821284 is divided by 185?
54
What is the remainder when 2195779 is divided by 129146?
297
What is the remainder when 2406071 is divided by 304?
215
What is the remainder when 6256893 is divided by 50?
43
What is the remainder when 144624 is divided by 2494?
2466
What is the remainder when 814002029 is divided by 13329?
13328
Calculate the remainder when 50363 is divided by 1866.
1847
Calculate the remainder when 26943503 is divided by 742.
741
Calculate the remainder when 31747551 is divided by 581.
549
What is the remainder when 883791 is divided by 312?
207
What is the remainder when 167787 is divided by 55396?
1599
Calculate the remainder when 1375081 is divided by 690.
601
What is the remainder when 2752558 is divided by 22017?
433
What is the remainder when 63723453 is divided by 54?
51
Calculate the remainder when 2049116 is divided by 884.
4
What is the remainder when 153503 is divided by 637?
623
What is the remainder when 2684545 is divided by 57114?
187
Calculate the remainder when 2691467 is divided by 4225.
142
What is the remainder when 542367 is divided by 74?
21
Calculate the remainder when 94056 is divided by 426.
336
Calculate the remainder when 1043005 is divided by 24.
13
Calculate the remainder when 2402238 is divided by 100093.
6
Calculate the remainder when 9171789 is divided by 20.
9
Calculate the remainder when 3084320 is divided by 9020.
8500
Calculate the remainder when 47500 is divided by 3.
1
What is the remainder when 549115 is divided by 17711?
74
What is the remainder when 112986 is divided by 1692?
1314
Calculate the remainder when 2970579 is divided by 1056.
51
Calculate the remainder when 770865 is divided by 158.
141
What is the remainder when 137984209 is divided by 3082?
3069
What is the remainder when 99676617 is divided by 254277?
33
Calculate the remainder when 4857666 is divided by 38.
12
What is the remainder when 108145 is divided by 178?
99
What is the remainder when 101508375 is divided by 3393?
3387
Calculate the remainder when 2533189 is divided by 21651.
22
What is the remainder when 2745458 is divided by 2521?
89
What is the remainder when 4110317 is divided by 41942?
1
Calculate the remainder when 432065622 is divided by 11.
10
Calculate the remainder when 144753049 is divided by 7094.
7073
What is the remainder when 249176 is divided by 249175?
1
Calculate the remainder when 263580680 is divided by 609.
608
Calculate the remainder when 678882 is divided by 3613.
3251
Calculate the remainder when 5699422 is divided by 814203.
1
Calculate the remainder when 621198 is divided by 155299.
2
What is the remainder when 10848855 is divided by 774914?
59
What is the remainder when 496073 is divided by 2814?
809
What is the remainder when 6444006 is divided by 1288796?
26
What is the remainder when 964026 is divided by 1328?
1226
What is the remainder when 1242926 is divided by 20?
6
What is the remainder when 16981 is divided by 1212?
13
What is the remainder when 197232727 is divided by 44?
43
What is the remainder when 1570816 is divided by 1537?
2
Calculate the remainder when 866381 is divided by 80.
61
Calculate the remainder when 2048747 is divided by 512182.
19
Calculate the remainder when 1503560 is divided by 1254.
14
What is the remainder when 377703399 is divided by 4300?
4299
What is the remainder when 1357654 is divided by 2641?
180
What is the remainder when 238341 is divided by 345?
291
What is the remainder when 443737 is divided by 2703?
445
Calculate the remainder when 20320306 is divided by 307.
283
What is the remainder when 69670 is divided by 61?
8
Calculate the remainder when 8128 is divided by 1192.
976
Calculate the remainder when 48440687 is divided by 8316.
8303
Calculate the remainder when 8786178 is divided by 8786149.
29
What is the remainder when 52078672 is divided by 55?
52
Calculate the remainder when 902745 is divided by 8112.
2313
What is the remainder when 1825525 is divided by 48?
37
What is the remainder when 41732098 is divided by 13910693?
19
Calculate the remainder when 11265 is divided by 11079.
186
What is the remainder when 29037 is divided by 649?
481
What is the remainder when 15040095 is divided by 74?
39
Calculate the remainder when 3709093 is divided by 1235997.
1102
What is the remainder when 4403678 is divided by 12335?
83
What is the remainder when 175311 is divided by 174494?
817
Calculate the remainder when 26096219 is divided by 516.
35
What is the remainder when 2074062 is divided by 436?
10
What is the remainder when 206353 is divided by 1100?
653
What is the remainder when 169400216 is divided by 1410?
1406
Calculate the remainder when 21917753 is divided by 461.
430
What is the remainder when 319012 is divided by 12558?
5062
What is the remainder when 891341 is divided by 6277?
7
Calculate the remainder when 1151659 is divided by 26782.
33
What is the remainder when 1995382 is divided by 997522?
338
Calculate the remainder when 15497836 is divided by 1962.
1960
What is the remainder when 8177294 is divided by 706?
402
What is the remainder when 187617 is divided by 46807?
389
What is the remainder when 638161 is divided by 3734?
3381
Calculate the remainder when 1770353 is divided by 73746.
449
Calculate the remainder when 1596058 is divided by 265905.
628
What is the remainder when 225734 is divided by 45136?
54
Calculate the remainder when 57823 is divided by 6414.
97
Calculate the remainder when 4509427 is divided by 105.
97
What is the remainder when 93917629 is divided by 18783521?
24
Calculate the remainder when 29065274 is divided by 1831.
1811
Calculate the remainder when 1839809 is divided by 8067.
533
Calculate